5*k. Suppose k = -g - 2, -2*r - 8*g + 114 = -5*g. What are the prime factors of r?
2, 3, 5
Suppose 1314 = 4*l + 2*m - 17538, 3*m = 18. List the prime factors of l.
2, 3, 5, 157
List the prime factors of 2/72 - 9065719/(-13572).
2, 167
Suppose 108 = 4*i + 3*z - z, 3*i = -3*z + 75. Let c(h) = h**3 - 25*h**2 - 65*h + 1. What are the prime factors of c(i)?
2, 5, 37
Let l = 6608 + -3291. List the prime factors of l.
31, 107
Let k(t) = 18*t**2 + 3*t - 20. Let m be k(4). Let a = m - 50. List the prime factors of a.
2, 5, 23
Let s(h) = -29*h + 78. Let n be s(3). List the prime factors of -1 - 8229/n - 3/9.
11, 83
Let j(a) = 1479*a - 54. What are the prime factors of j(3)?
3, 487
Suppose 0 = 16023*y - 16079*y + 2526608. List the prime factors of y.
2, 17, 1327
Let z(w) = 3*w - 78. Let n be z(24). What are the prime factors of n/((-72)/3714) - (-6)/(-4)?
2, 7, 11
Suppose 0 = 2*k - i - 2, -k + 19 = 2*i + 23. Suppose k = -5*b + 4*y + 5276 - 864, -5*b + 3*y = -4409. List the prime factors of b.
2, 5, 11
Let x(d) be the third derivative of 12*d**2 + 5/6*d**3 + 0 + 1/60*d**5 + 0*d - 17/24*d**4. What are the prime factors of x(17)?
5
Let i be -85*(-3 - 1*-8). Let u = -282 - i. Suppose -8*q + u = p - 4*q, 0 = -4*q + 12. What are the prime factors of p?
131
Let q(c) = -c + 12. Let d be q(-4). Suppose 3127 = -d*j + 10951. What are the prime factors of j?
3, 163
Suppose 0 = -3*t - 2*t + 2*u - 838, 0 = -t + 2*u - 166. Let c be (t/15)/((-2)/5). Let n = c + -8. List the prime factors of n.
2, 5
Suppose -5*i + 1 = -2*r - 16, -i = -5*r - 8. Suppose -3*q = 4*m - 500, 0 = -4*q - i*m - 2*m + 668. What are the prime factors of q?
2, 43
Let y = -538 - -540. Suppose y*p - 676 = -2*m + 3*p, -5*m - 2*p = -1690. List the prime factors of m.
2, 13
Suppose -x - d = -18, 2*d = -5*x + 90 - 9. Suppose 14*g = x*g - 6. What are the prime factors of g?
2, 3
Suppose 7*k - 4 = -18. Let w be (15/6)/(k + 121/60). Suppose r - w = -b, -126 = -3*r + 2*r + 5*b. List the prime factors of r.
2, 73
Let d(m) = m**3 - 20*m**2 - 41*m - 40. Let n be d(22). Let j(q) = -q**2 - 4*q + 3. Let x be j(-7). Let y = x + n. List the prime factors of y.
2
Let h(j) = -40*j - 7. Suppose -5*b - 37 = -122. Let v = 15 - b. List the prime factors of h(v).
73
Suppose -4*v + 102044 = -5*d, 163*v + 2*d = 158*v + 127588. List the prime factors of v.
2, 6379
Suppose 49*s - 177*s + 1809447 = -4144089. List the prime factors of s.
2, 3, 17, 19
Let c(r) = -27*r + 5. Let a(s) = -54*s + 11. Let z(q) = 3*a(q) - 7*c(q). Suppose 0 = 5*b + 2*d + d + 7, -2*b - 2 = d. What are the prime factors of z(b)?
5
Let i = 1868 + -1312. Let s = -284 + i. What are the prime factors of s?
2, 17
Let c = -18 - -17. Let j be 128 - (c + (1 - -2)). Let t = 223 - j. What are the prime factors of t?
97
Let h be ((-8)/(-10))/((-8)/(-8920)). Let c = 184 + h. What are the prime factors of c?
2, 269
What are the prime factors of 1/(98214/98208 - 1)?
2, 3, 11, 31
Let g(r) = 30*r**2 + 5*r - 11. Let a be g(3). Suppose -9*u - 1107 = -297. Let p = a + u. List the prime factors of p.
2, 23
Let t = -6644 + 13883. List the prime factors of t.
3, 19, 127
Let c(x) = -930*x - 236. List the prime factors of c(-19).
2, 23, 379
Let x be 43 - (-3 - -8 - 1). Let b = x - 18. What are the prime factors of b/(-42) + 241/2?
2, 3, 5
Let h(y) = 7*y - 29. Let o(w) = -w - 2. Let n be o(-11). Let t be h(n). Let j = 53 - t. What are the prime factors of j?
19
Let v be (-1 - (-2)/(-3))*(-222 + 3). Suppose v = 2*y - 5*o, 2*y - 3*o - 350 = -o. Let t = y + -65. What are the prime factors of t?
3, 5, 7
Let m(x) be the first derivative of 2*x**3 - 5*x**2/2 - 35*x + 139. List the prime factors of m(-4).
3
Suppose -6*w + 2844 + 8496 = 0. Suppose 0 = 6*z - 9*z + w. What are the prime factors of z?
2, 3, 5, 7
Suppose 0 = 14*t + 1361 + 6801. Let w = t - -1005. What are the prime factors of w?
2, 211
Let m be ((-15)/(-6) + -4)*(-1048)/(-6). Let j = m + 483. List the prime factors of j.
13, 17
Suppose -2*a - 5*w = -15, -2*w + 6*w - 12 = -4*a. Suppose a = 7*v - 343 + 28. Let l = 107 - v. List the prime factors of l.
2, 31
Suppose -84*o = -1258469 + 389993. List the prime factors of o.
7, 211
Let g(j) = -647*j + 35. Let k be g(-7). Suppose -9*h = -6*h + 5*l - 2746, 0 = -5*h - 2*l + k. List the prime factors of h.
2, 3, 19
Let h(p) = 40*p - 12. Let s = -212 - -219. What are the prime factors of h(s)?
2, 67
Let z = -30786 + 70372. List the prime factors of z.
2, 19793
List the prime factors of 3673 + -1 + -10*21/35.
2, 3, 13, 47
Let s(q) = 2*q**3 + 7*q**2 - q + 33. Let m be s(-6). Let x = m - -453. List the prime factors of x.
2, 3, 13
Let f = 6715 - 1001. What are the prime factors of f?
2, 2857
Let a be 0/((-12)/3) - (234 - 1). Let d = 30 - 36. What are the prime factors of d/(-12) + a/(-2)?
3, 13
Let o(z) = 44*z + 3252. What are the prime factors of o(64)?
2, 37, 41
Let n = 98 + -164. Let t = n - -36. What are the prime factors of ((-198)/t)/(4/40)?
2, 3, 11
Suppose -6*h = -299625 + 150471. What are the prime factors of h?
24859
Let c(h) = -11*h + 5. Let v(x) = 9*x - 5. Let w(s) = -6*c(s) - 5*v(s). Let i be (9/5)/(3/10). What are the prime factors of w(i)?
11
Let u = -1186 + 1191. Let g(w) be the first derivative of 5*w**2/2 + 11*w + 1. List the prime factors of g(u).
2, 3
Suppose 4*d = 12729 + 9931. Suppose -3*m + 3*w = -5*m + 2235, 5*m - d = 8*w. What are the prime factors of m?
3, 5
Suppose i - 21190 = 4*o, 305*i + 3*o = 309*i - 84682. List the prime factors of i.
2, 19, 557
Let o = -52342 - -77783. What are the prime factors of o?
13, 19, 103
Let v = 45 - 42. Let u be (-2 + v - 2) + 6. Suppose -u*f + 4*n = -378, -2*f = 4*n - 0*n - 140. List the prime factors of f.
2, 37
What are the prime factors of (-2636991)/(-189) + (-4)/12?
2, 109
Let c(y) = 13*y**3 + y**2 - 10. Let v be c(3). Let h = -46 + v. What are the prime factors of h?
2, 19
Let h = 118 - 85. List the prime factors of (176/h)/(4/78).
2, 13
Let w(i) = 5*i**2 - 24*i + 101. Suppose -16*h + 309 - 101 = 0. List the prime factors of w(h).
2, 317
Let f = 4428 + -668. List the prime factors of f.
2, 5, 47
Let l = 12945 + -8827. List the prime factors of l.
2, 29, 71
Suppose -2*s - 6 = -2. What are the prime factors of (-1 - s)*(-42 + 1481)?
1439
Let l(a) = -a**2 + 17*a - 1. Let f be l(16). Let r be 36 - f/(-10)*-2. Let c = r - 12. List the prime factors of c.
3, 7
Let v(w) = 91*w**3 - 12 + 2*w**2 + 4 - 119*w**3 + 4*w. What are the prime factors of v(-3)?
2, 13, 29
Let f(z) = -2182*z + 4607. List the prime factors of f(-6).
11, 1609
Let d be 323 + (3/(-9))/((-6)/(-36)). Suppose 0 = -v - 0*v - 4*s + 122, 3*v - 3*s = d. What are the prime factors of v?
2, 5, 11
Let p = 270 - 252. List the prime factors of p/(-18)*-1*661 - 5.
2, 41
Let u(v) = -v**3 + v**2 + 25. Let g be u(0). Suppose -5*b + 3*r + 1942 = -1848, -g = 5*r. Suppose b + 356 = 11*i. List the prime factors of i.
101
Let s = -12 - -23. Let u(x) = x**3 - 11*x**2 + 2*x - 13. Let g be u(s). List the prime factors of 50/(g/(108/8)).
3, 5
Let s = -136 - -141. Suppose 4*y + 960 + 84 = 5*c, -4*c = s*y + 1305. List the prime factors of 5 - y - (0 - 0).
2, 7, 19
List the prime factors of (-8 - (-22 - -12))/((2/(-14697))/(-1)).
3, 23, 71
Let q be 6/(-18)*-12 - 1. Suppose -f = q*j - 6 + 2, 3*f = 2*j + 12. Let l(i) = 14*i**2 + 4*i + 15. What are the prime factors of l(f)?
3, 5, 17
Suppose -171*b + 1414754 = -5484925. What are the prime factors of b?
157, 257
Suppose -610 = -9*u - u. Let a = 152 - u. Suppose 5*x = -6 + a. What are the prime factors of x?
17
Suppose 32*i - 258003 = -1171. What are the prime factors of i?
2, 4013
Suppose a = 4*v - 7*v + 2280, 6888 = 3*a + v. List the prime factors of a.
2, 3, 383
Let x be 0/(-7 - (-5)/1). Suppose -3*d + 5*m + 767 + 239 = x, -3*m + 1620 = 5*d. List the prime factors of d.
3, 109
Let h(l) = -2*l**3 - 54*l**2 - 9*l + 239. What are the prime factors of h(-28)?
29, 71
Let t = -36 - -25. Let z(u) = -2*u**2 - 21*u + 13. Let l be z(t). Suppose l*w = 3*w - 74. What are the prime factors of w?
2, 37
Suppose -5*r + 5*v = 39131 - 123656, -4*r = -3*v - 67627. List the prime factors of r.
2, 7, 151
List the prime factors of (-528)/616 + 1904721/49.
3, 7, 617
Let g = 2 - 2. Let i = 978 + -562. Suppose -13*j + 17*j - i = g. List the prime factors of j.
2, 1